q + 6650. What are the prime factors of q?
2, 5, 61
Let p be ((-28)/(-4) - 3) + 376. Suppose -14*g = -10*g - p. List the prime factors of g.
5, 19
Let o(p) = 119*p**2 + 5*p - 5. Let w be o(3). Suppose -5*n = -w + 176. What are the prime factors of n?
181
Let v(l) = 3*l**2 + 53*l - 22. List the prime factors of v(-22).
2, 3, 11
Suppose 3*l + r - 327 = 0, 2*l + 28 - 229 = 5*r. What are the prime factors of l?
2, 3
Suppose 0*g - 5*g = 3*w + 6, g + 4*w + 8 = 0. Suppose -4*r - 4*r + 280 = g. What are the prime factors of r?
5, 7
Let s = 266 - -1412. List the prime factors of s.
2, 839
Let j(h) = -2*h - 8. Let k be j(-5). Let w be ((-1)/3)/((-4)/(-516)). Let c = k - w. What are the prime factors of c?
3, 5
Let u be 8/16 + 417/2. Let s = 415 - u. What are the prime factors of s?
2, 103
Suppose 2*z = 4*p + 2 + 24, 3 = -z - 2*p. Suppose z*w - k = 645, w = 2*k + k + 115. What are the prime factors of w?
2, 5, 13
Suppose -2*d + 0 + 4 = 0, -3*i - 72 = 3*d. List the prime factors of -2 - (-112)/52 - 984/i.
2, 19
Let b be (-1341)/5 - (-6)/30. Let f be b/(-12) + 2/3. Suppose -2*j = 2*h - f + 7, h - 5*j + 16 = 0. List the prime factors of h.
2
Suppose 65 - 5 = 5*s. Let v = -11 + 7. What are the prime factors of (v/s)/((-1)/138)?
2, 23
Suppose 7*p = 9*p - 5*s - 829, -2*s = -p + 412. List the prime factors of p.
2, 3, 67
Let d = 1630 + 940. What are the prime factors of d?
2, 5, 257
Suppose -34 = 6*i - 124. Let l = 89 - i. List the prime factors of l.
2, 37
Suppose 1055 = 3*f + 2*a, f + 88 = -5*a + 418. What are the prime factors of f?
5, 71
Let a be (1/1)/(3/6). Suppose -18 = -2*h + 3*o, a + 8 = 2*h - o. Suppose -4*n = -3*n - h. What are the prime factors of n?
3
Let g = 5882 + -3677. List the prime factors of g.
3, 5, 7
Let r(j) be the third derivative of j**6/120 - 2*j**5/15 + j**4/3 - j**3/2 + j**2. Let s(y) = 2*y + 7. Let i be s(0). What are the prime factors of r(i)?
2
What are the prime factors of ((-10)/6)/(22536/4509 + -5)?
5, 167
Let c(p) = 3*p**2 + 9*p - 69. List the prime factors of c(19).
3, 5, 79
Suppose -4*j - 706 = -5*o, -o - 272 = -3*o - j. Let x = o - 62. List the prime factors of x.
2, 19
Suppose 2*z - 243 - 31 = -2*x, -x + 135 = 3*z. What are the prime factors of x?
2, 3, 23
Let m(j) = -581*j**3 + j**2 - 4*j - 5. What are the prime factors of m(-1)?
7, 83
Suppose 12*g = 7529 + 11119. What are the prime factors of g?
2, 3, 7, 37
Suppose 4*r = -1 + 9, -4*r = 4*u + 8. Suppose -113*a - 228 = -117*a. Let h = a - u. What are the prime factors of h?
61
Suppose -4*n = -w + 4*w - 5, w - 5*n - 8 = 0. Let m be 6*1*w/9. Suppose a + 3*v = 16, -a + m*a - 5*v + 8 = 0. List the prime factors of a.
7
Suppose -3*o + 3*s + 269 = 2*s, -3*o + 273 = -3*s. List the prime factors of o.
89
Let w(v) = 10*v**2 - 33*v - 330. What are the prime factors of w(-8)?
2, 7, 41
Let y(f) = 3*f**2 + 3*f + 2. Let h be y(-1). Suppose -5*q = -3*j - 84, -h*j + 7*j - 82 = -4*q. What are the prime factors of q?
2, 3
Suppose 23*n - 36587 = 22684. List the prime factors of n.
3, 859
Suppose 3*v + 1 - 7 = 0. Suppose -5*y - 27 = -v*m, -2*m + 2*y + 3 + 9 = 0. List the prime factors of (16/(-6))/(m/(-3)).
2
Let v = 73 - 10. Suppose -3*h = -4*h + v. What are the prime factors of h?
3, 7
Let j = -4771 - -8305. What are the prime factors of j?
2, 3, 19, 31
Let i(z) = -23*z**3 - z**2 + z + 1. Suppose 5*y - 4*o = 11, 5*y - o + 1 = -0. Let u be i(y). What are the prime factors of (2 - 3 - -1) + u?
2, 11
Suppose 32*h - 6941 = 867. List the prime factors of h.
2, 61
Let j(a) = -2*a - 6. Let u be j(-3). Suppose u = 41*y - 45*y + 1108. What are the prime factors of y?
277
Suppose -4*z - 14 = 6, -3*k - 5*z + 23 = 0. Suppose 0 = -4*l + 5*r - 7, -4 = 5*l + 5*r + k. List the prime factors of (-10)/(-3) - 2/l.
2
Suppose 7*j - 6*j - 7 = 0. Suppose 0 = -j*d + 13*d - 660. List the prime factors of d.
2, 5, 11
Suppose 5*l - 2*x = -x + 143, 4*x + 40 = l. Let w = -29 + 8. Let o = l - w. List the prime factors of o.
7
Suppose -2*f + 1780 = 8*f. What are the prime factors of f?
2, 89
Let a(j) = j - 1. Let o be a(2). Suppose 2*y = -m + 3, -m - 2*m = -5*y + 24. Suppose -y*n - o + 46 = 0. What are the prime factors of n?
3, 5
Let g(d) = -129*d**3 + 6*d**2 + 8*d - 2. What are the prime factors of g(-2)?
2, 3, 173
Let r = -72 - -342. List the prime factors of r.
2, 3, 5
What are the prime factors of (2*(-4)/(-4))/(2/295)?
5, 59
Suppose 11*a - 22679 = 36182. List the prime factors of a.
5351
Suppose 5*j + 12 = 17. List the prime factors of j/1 + 40/2.
3, 7
Let v be (846 - -4)*(-2)/(-5). Suppose -31*q = -35*q + v. List the prime factors of q.
5, 17
Let k(a) = -9*a**2 + 6. Let c be k(-2). Let g be -2 + -1 + 6 - c. Let l = 54 - g. List the prime factors of l.
3, 7
Let a be 48/(-18)*6/4. Let u be (-374)/(-99) - a/18. Suppose l + 3*g - 49 = g, -245 = -5*l - u*g. What are the prime factors of l?
7
Suppose 0 = -6*o - 12 - 6. What are the prime factors of (-6)/(-4)*(-34)/o?
17
Let y(n) = 2*n**2 + n**3 - 3*n - 33 + 33. Let x be y(2). Suppose 0 = -2*d - 5*w + 17 + x, 0 = 3*d + 3*w - 36. What are the prime factors of d?
11
Let n(z) = 304*z + 62. What are the prime factors of n(5)?
2, 7, 113
Let s(n) = n**2 + 5*n + 7. Let y be s(-5). Let k = y + -3. List the prime factors of (2/6)/(k/120).
2, 5
Suppose 332 = w - 927. What are the prime factors of w?
1259
Suppose -3*r - 2*z = -35, -2*r - 10 = -4*r - 4*z. Suppose r = 3*d - 6*d, d - 1025 = -5*k. List the prime factors of k.
2, 103
What are the prime factors of (10 + -3)*-6*(-114)/36?
7, 19
What are the prime factors of -28*(-9 - (-2563)/(-44))?
7, 269
Let y = -687 + 1389. List the prime factors of y.
2, 3, 13
Let o(u) = 56*u**2 - u - 1. Let q(a) = a**3 - 7*a**2 + 7*a + 4. Let z be q(6). Suppose -5 = -5*s + z*s. What are the prime factors of o(s)?
2, 7
Let g(r) = -3*r + 12. Let h be g(2). List the prime factors of -2 + (h/(-4))/(6/(-944)).
2, 3, 13
What are the prime factors of 2724 + (3 + (-3)/1)/(-1)?
2, 3, 227
Suppose 5*p - 30 = -165. Let g = -24 - p. List the prime factors of g.
3
Suppose -2714*u = -2720*u + 3258. What are the prime factors of u?
3, 181
Let c be 0*(0 + (-1)/(-6))*-3. Let l = -3 + 5. Let z = c + l. List the prime factors of z.
2
Let y(g) = -g**3 - 9*g**2 - 10*g - 6. Let p be y(-8). Let b = 54 - p. What are the prime factors of b?
2, 11
List the prime factors of 1238*(-15)/(-2)*(-1)/(-3).
5, 619
Let h be 2 - (1 - -1 - 46). Let l = 107 + -14. Let n = l - h. What are the prime factors of n?
47
Suppose 0 = 4*c - 3*c + 2*o - 4, c - 3*o - 14 = 0. Let r = -459 + 464. Let y = c - r. List the prime factors of y.
3
Suppose r + 5*h = 11, -5*h = -r - 3*r + 69. Suppose 2*p + 0*y = 2*y + r, -5*y + 32 = 4*p. List the prime factors of -2*(-2 - 36/p).
13
Let a = 108 + -71. Suppose -b = -5*g - 38, 2*b + 3*g - a = -0*g. List the prime factors of b.
23
Suppose 4*v = -4*n - 24, 0 = -0*n + 2*n + 4*v + 22. List the prime factors of (-1 + n)/((-4)/250).
5
Suppose 3*r - 4*z = -16, -3*z = z - 16. Suppose -8 = 3*o - i, -2*o - 3*i + 4*i - 7 = r. What are the prime factors of (o + 4)/(4/28)?
3, 7
Let z(m) = 18*m - 31. Let v be z(10). Suppose -4*x = -4*w - 588, 4*x - 3*x - v = -w. List the prime factors of x.
2, 37
Suppose 4*q - 928 = 8*q. Let x = q - -466. What are the prime factors of x?
2, 3, 13
Let u = -15 + 18. Let z be (u + (-15)/9)*30. Let l = z - 9. What are the prime factors of l?
31
Let p(u) be the second derivative of u**3/6 + 7*u**2/2 + 2*u. Let v(w) = 4*w + 29. Let h(q) = 18*p(q) - 4*v(q). List the prime factors of h(13).
2, 3
Let a(h) = 14*h + 19. Let g(j) = 7*j + 9. Let b(l) = -6*a(l) + 13*g(l). What are the prime factors of b(11)?
2, 5
Let b(v) = v**2 + 12*v + 7. Let m be b(-11). Let k = 0 - m. Suppose -k*p + 100 = p. What are the prime factors of p?
2, 5
Let m(p) = -2*p**3 + p + 4. Let h be m(2). Let v = 58 - h. List the prime factors of v.
2, 17
Let f(t) = -t**2 + 10*t - 7. Let v be f(9). Suppose 0 = -v*j + 4*q + 40, -4*q - q = 3*j - 5. Let g = 25 - j. What are the prime factors of g?
3, 5
Suppose 2*v = -14 + 8. List the prime factors of v - (0/(-1) + -15).
2, 3
Let q(z) = -4*z**3 - 6*z**2 + 10*z - 16. Let h(u) = -5*u**3 - 5*u**2 + 11*u - 17. Let l(t) = -5*h(t) + 6*q(t). List the prime factors of l(11).
2, 11
Suppose 5*x - 10 = 2*j, 5*x + 2*j - 20 = 6*j. Suppose 2*t = 4*b